29 composite?
False
Is 54345434461 composite?
True
Is 3376010189 a prime number?
True
Is 25004949395 composite?
True
Is 32637185227 composite?
True
Is 440136537 composite?
True
Is 7566565745 a prime number?
False
Is 1117284899 a composite number?
False
Is 2849035741 a composite number?
False
Is 88264171 prime?
True
Is 10628766493 a composite number?
True
Is 454285267 composite?
False
Is 32641409 a composite number?
False
Is 23028070073 composite?
True
Is 4073930423 composite?
False
Is 333721621 a prime number?
True
Is 2295038485 a composite number?
True
Is 921761123 a prime number?
True
Is 300377509 composite?
True
Is 8273822911 prime?
True
Is 379825343 a prime number?
True
Is 4593844183 a prime number?
False
Is 11884716817 a composite number?
False
Is 5100580231 prime?
False
Is 6103907899 a composite number?
False
Is 163067671061 prime?
False
Is 176120363 a composite number?
True
Is 316566631 a prime number?
True
Is 122600189 a composite number?
True
Is 10544830063 prime?
True
Is 20949196687 a prime number?
True
Is 876163271 a composite number?
False
Is 294378941 composite?
True
Is 310546517 a composite number?
True
Is 180255941 composite?
False
Is 2992081949 a prime number?
True
Is 5572424219 prime?
True
Is 5872993231 a prime number?
False
Is 92648867 composite?
False
Is 865425553 a prime number?
True
Is 2228875993 prime?
True
Is 131317196419 composite?
True
Is 2505570491 a composite number?
True
Is 84379697 composite?
True
Is 30797179507 prime?
True
Is 2747410403 a prime number?
False
Is 49950930845 a prime number?
False
Is 9991342367 a prime number?
False
Is 2897416199 composite?
True
Is 4814444573 composite?
False
Is 6465738557 prime?
False
Is 170924539 composite?
False
Is 340778017 composite?
True
Is 13653649129 composite?
True
Is 302628743 composite?
True
Is 4243387681 composite?
True
Is 923535499 composite?
False
Is 79040920229 a prime number?
False
Is 92799607 prime?
False
Is 219015857 a composite number?
False
Is 12882158029 a composite number?
True
Is 2386766199 prime?
False
Is 34475335679 a prime number?
True
Is 56076146591 composite?
True
Is 106778635367 prime?
True
Is 22426100717 prime?
True
Is 16627436071 a prime number?
True
Is 29658739543 a composite number?
False
Is 56891670553 prime?
True
Is 5374531849 prime?
True
Is 52379518831 prime?
True
Is 663778679 a composite number?
False
Is 18763513 a composite number?
True
Is 1159890703 prime?
False
Is 8954595569 a composite number?
True
Is 340201297 a prime number?
False
Is 153282441583 prime?
True
Is 13069965383 composite?
True
Is 2272853962 composite?
True
Is 11389270559 a composite number?
True
Is 13229166557 a composite number?
True
Is 624711911 composite?
True
Is 361950847 prime?
True
Is 1022746127 a prime number?
False
Is 26224474597 prime?
True
Is 11817230941 a composite number?
True
Is 72393746905 a prime number?
False
Is 2275221961 a composite number?
True
Is 2949933853 composite?
True
Is 155862521 composite?
False
Is 2784741373 a prime number?
False
Is 28532516549 prime?
False
Is 20110043521 composite?
False
Is 1650247169 prime?
False
Is 41007709 prime?
True
Is 47954267 a composite number?
False
Is 2500693927 a composite number?
False
Is 332749068895 prime?
False
Is 109622729 prime?
False
Is 224380227 composite?
True
Is 20888747641 prime?
True
Is 40420266883 a composite number?
True
Is 35865147271 prime?
False
Is 197459555 composite?
True
Is 5890635713 a prime number?
True
Is 5632313879 composite?
False
Is 14884906457 prime?
True
Is 548377079 composite?
False
Is 25553618807 composite?
False
Is 164839589 composite?
True
Is 4220172421 a composite number?
False
Is 666401357 a composite number?
False
Is 263809421 prime?
False
Is 8291949251 a composite number?
False
Is 22755906623 composite?
False
Is 43105807 composite?
False
Is 146326151 a composite number?
False
Is 11759994313 prime?
True
Is 16556327227 a prime number?
False
Is 3573839759 composite?
True
Is 15038949007 a prime number?
False
Is 14617291279 prime?
False
Is 706725307 composite?
True
Is 649424520061 a composite number?
False
Is 2738809141 a prime number?
True
Is 235810819363 composite?
True
Is 33522058474 prime?
False
Is 301364177 prime?
False
Is 316607695 a prime number?
False
Is 13897811533 a prime number?
False
Is 4985500211 a composite number?
True
Is 414884357 a prime number?
True
Is 8842345817 a prime number?
True
Is 22990216279 a prime number?
False
Is 584671333 prime?
True
Is 444856421 a prime number?
False
Is 907356743 prime?
True
Is 172271088013 a composite number?
False
Is 70887062471 a composite number?
True
Is 1175167277 a composite number?
False
Is 580786001 prime?
True
Is 6357139363 a composite number?
True
Is 54632510687 a composite number?
False
Is 91068161351 prime?
False
Is 1423056773 prime?
True
Is 247817099 composite?
False
Is 2795696353 a composite number?
False
Is 1805950753 composite?
True
Is 855794743 a prime number?
True
Is 1278928897 a prime number?
False
Is 10142145701 a prime number?
True
Is 19930455313 a prime number?
False
Is 54246324767 a composite number?
True
Is 15529386937 a prime number?
True
Is 43845205931 composite?
False
Is 95405153 composite?
True
Is 932051321 a prime number?
True
Is 21937125043 a composite number?
True
Is 439580949 composite?
True
Is 184895155763 composite?
False
Is 1003610843 prime?
True
Is 442694761 composite?
True
Is 4174199273 a prime number?
True
Is 5100021197 prime?
False
Is 5007888911 composite?
True
Is 8211551711 a prime number?
False
Is 590294203 a composite number?
False
Is 4711186873 prime?
False
Is 298633141 a composite number?
False
Is 296806427 a composite number?
False
Is 22569245701 prime?
True
Is 23802250631 prime?
True
Is 34617339131 composite?
False
Is 4588791457 composite?
False
Is 43582016599 composite?
True
Is 308723813 composite?
True
Is 36184423 a prime number?
False
Is 5031871393 prime?
False
Is 2878250539 prime?
True
Is 307973233 a prime number?
False
Is 37655077 prime?
False
Is 3985947467 a composite number?
False
Is 2266708267 prime?
True
Is 20312286629 composite?
True
Is 9678595519 composite?
False
Is 4246050947 a prime number?
True
Is 25650584053 prime?
False
Is 48544903459 prime?
False
Is 3784139167 prime?
True
Is 492818723 a prime number?
False
Is 442910194 a prime number?
False
Is 20558647481 a prime number?
False
Is 1525367379 a composite number?
True
Is 107919347 composite?
False
Is 187376489 a composite number?
False
Is 2089504913 a prime number?
False
Is 6784133563 prime?
True
Is 1140758743 a composite number?
True
Is 348845267 composite?
False
Is 690732487 a prime number?
True
Is 277934615351 composite?
True
Is 415087215341 prime?
True
Is 134047607 prime?
True
Is 7906075097 prime?
False
Is 60432844963 a prime number?
False
Is 11279624119 composite?
False
Is 1128407129 composite?
False
Is 2366746777 a prime number?
False
Is 10336010453 a prime number?
False
Is 4929748313 a prime number?
False
Is 490687 composite?
True
Is 1359894149 a prime number?
True
Is 3428215781 a prime number?
True
Is 33809225729 a prime number?
True
Is 724885069 prime?
False
Is 28228384937 composite?
True
Is 48181455991 a composite number?
False
Is 172316819 composite?
True
Is 1258762957 composite?
False
Is 305145256823 prime?
False
Is 80455351309 a composite number?
False
Is 4468507 a composite number?
True
Is 8776174553 a composite number?
False
Is 70057681 prime?
False
Is 160978443755 a prime number?
False
Is 2425707103 a prime number?
False
Is 15939216179 a prime number?
True
Is 3668825453 a composite number?
False
Is 584238449 a composite number?
False
Is 137094037 a prime number?
False
Is 32120869101 composite?
True
Is 17028252809 a prime number?
False
Is 3037435789 composite?
False
Is 1776792821 a prime number?
False
Is 661000313 a composite number?
True
Is 4773348067 a composite number?
True
Is 7485019 prime?
True
Is 15230979617 prime?
False
Is 71345756231 a composite number?
False
Is 20362958443 a prime number?
False
Is 4572463877 prime?
True
Is 404274803 a prime number?
False
Is 5153973343 composite?
False
Is 735946919 a prime number?
False
Is 15117377777 a prime number?
False
Is 13791702293 composite?
True
Is 131951203 composite?
False
Is 136681711 a prime number?
False
Is 3969071069 a prime number?
False
Is 12748645603 a prime nu